{"id":42,"date":"2024-03-05T21:10:01","date_gmt":"2024-03-05T20:10:01","guid":{"rendered":"http:\/\/barberbytom.pl\/?page_id=42"},"modified":"2024-03-10T20:24:32","modified_gmt":"2024-03-10T19:24:32","slug":"wspolpraca","status":"publish","type":"page","link":"https:\/\/barberbytom.pl\/?page_id=42","title":{"rendered":"Wsp\u00f3\u0142praca"},"content":{"rendered":"\t\t<div data-elementor-type=\"wp-page\" data-elementor-id=\"42\" class=\"elementor elementor-42\">\n\t\t\t\t<div class=\"elementor-element elementor-element-56dd001 e-con-full e-flex e-con e-parent\" data-id=\"56dd001\" data-element_type=\"container\" data-e-type=\"container\">\n\t\t\t\t<div class=\"elementor-element elementor-element-da8124c elementor-widget elementor-widget-heading\" data-id=\"da8124c\" data-element_type=\"widget\" data-e-type=\"widget\" data-widget_type=\"heading.default\">\n\t\t\t\t<div class=\"elementor-widget-container\">\n\t\t\t\t\t<h2 class=\"elementor-heading-title elementor-size-default\">BARBER WANTED! <\/h2>\t\t\t\t<\/div>\n\t\t\t\t<\/div>\n\t\t\t\t<div class=\"elementor-element elementor-element-7ea9971 elementor-widget elementor-widget-text-editor\" data-id=\"7ea9971\" data-element_type=\"widget\" data-e-type=\"widget\" data-widget_type=\"text-editor.default\">\n\t\t\t\t<div class=\"elementor-widget-container\">\n\t\t\t\t\t\t\t\t\t<h5><span style=\"font-weight: 400;\">Szukamy os\u00f3b z pasj\u0105 do zawodu, chc\u0105cych podnosi\u0107 swoje kwalifikacje, \u0142atwo nawi\u0105zuj\u0105cych kontakty.<\/span><\/h5>\n<p><span style=\"font-weight: 400;\">Oferujemy:<\/span><\/p>\n<ul>\n<li><span style=\"font-weight: 400;\">prac\u0119 w mi\u0142ej i przyjaznej atmosferze<\/span><span style=\"font-weight: 400;\">, na dobrych i przejrzystych warunkach<\/span><\/li>\n<li><span style=\"font-weight: 400;\">Umow\u0119 zlecenie\/o prac\u0119 lub B2B w ramach jednoosobowej dzia\u0142alno\u015bci<\/span><\/li>\n<li><span style=\"font-weight: 400;\">Atrakcyjne wynagrodzenie (% uzale\u017cniony od Twojego do\u015bwiadczenia i wybranej formy zatrudnienia)<\/span><\/li>\n<li><span style=\"font-weight: 400;\">Bezstresow\u0105 prac\u0119 w zgranym zespole<\/span><\/li>\n<li><span style=\"font-weight: 400;\">Elastyczne godziny pracy<\/span><\/li>\n<li><span style=\"font-weight: 400;\">Kursy, szkolenia<\/span><\/li>\n<li><span style=\"font-weight: 400;\">Prac\u0119 na kosmetykach najlepszych marek<\/span><\/li>\n<li><span style=\"font-weight: 400;\">Wysokie standardy pracy<\/span><span style=\"font-weight: 400;\"><br><\/span><span style=\"font-weight: 400;\">Szukamy:&nbsp;<\/span><\/li>\n<li><span style=\"font-weight: 400;\">osoby z do\u015bwiadczeniem<\/span><\/li>\n<li><span style=\"font-weight: 400;\">osoby zaanga\u017cowanej i ch\u0119tnej do pracy<\/span><\/li>\n<li><span style=\"font-weight: 400;\">osoby ch\u0119tnej do nauki w podnoszeniu swoich kwalifikacji&nbsp;<\/span><\/li>\n<li><span style=\"font-weight: 400;\">osoby u\u015bmiechni\u0119tej, komunikatywnej<\/span><\/li>\n<\/ul>\t\t\t\t\t\t\t\t<\/div>\n\t\t\t\t<\/div>\n\t\t\t\t<\/div>\n\t\t<div class=\"elementor-element elementor-element-ca7dbbc e-flex e-con-boxed e-con e-parent\" data-id=\"ca7dbbc\" data-element_type=\"container\" data-e-type=\"container\">\n\t\t\t\t\t<div class=\"e-con-inner\">\n\t\t<div class=\"elementor-element elementor-element-6f1a19b e-con-full e-flex e-con e-child\" data-id=\"6f1a19b\" data-element_type=\"container\" data-e-type=\"container\">\n\t\t\t\t<div class=\"elementor-element elementor-element-73ce2bf elementor-widget elementor-widget-text-editor\" data-id=\"73ce2bf\" data-element_type=\"widget\" data-e-type=\"widget\" data-widget_type=\"text-editor.default\">\n\t\t\t\t<div class=\"elementor-widget-container\">\n\t\t\t\t\t\t\t\t\t<p>Wy\u015blij nam swoje CV na maila: hlonda@barberbytom.pl lub zadzwo\u0144 508107216<\/p>\t\t\t\t\t\t\t\t<\/div>\n\t\t\t\t<\/div>\n\t\t\t\t<\/div>\n\t\t<div class=\"elementor-element elementor-element-1c68457 e-con-full e-flex e-con e-child\" data-id=\"1c68457\" data-element_type=\"container\" data-e-type=\"container\">\n\t\t\t\t<\/div>\n\t\t\t\t\t<\/div>\n\t\t\t\t<\/div>\n\t\t\t\t<\/div>\n\t\t","protected":false},"excerpt":{"rendered":"<p>BARBER WANTED! Szukamy os\u00f3b z pasj\u0105 do zawodu, chc\u0105cych podnosi\u0107 swoje kwalifikacje, \u0142atwo nawi\u0105zuj\u0105cych kontakty. Oferujemy: prac\u0119 w mi\u0142ej i przyjaznej atmosferze, na dobrych i przejrzystych warunkach Umow\u0119 zlecenie\/o prac\u0119 lub B2B w ramach jednoosobowej dzia\u0142alno\u015bci Atrakcyjne wynagrodzenie (% uzale\u017cniony od Twojego do\u015bwiadczenia i wybranej formy zatrudnienia) Bezstresow\u0105 prac\u0119 w zgranym zespole Elastyczne godziny pracy [&hellip;]<\/p>\n","protected":false},"author":1,"featured_media":0,"parent":0,"menu_order":3,"comment_status":"closed","ping_status":"closed","template":"","meta":{"om_disable_all_campaigns":false,"_monsterinsights_skip_tracking":false,"_monsterinsights_sitenote_active":false,"_monsterinsights_sitenote_note":"","_monsterinsights_sitenote_category":0,"_uf_show_specific_survey":0,"_uf_disable_surveys":false,"footnotes":""},"class_list":["post-42","page","type-page","status-publish","hentry"],"aioseo_notices":[],"yoast_head":"<!-- This site is optimized with the Yoast SEO plugin v22.1 - https:\/\/yoast.com\/wordpress\/plugins\/seo\/ -->\n<title>Wsp\u00f3\u0142praca - Hlonda 62<\/title>\n<meta name=\"robots\" content=\"index, follow, max-snippet:-1, max-image-preview:large, max-video-preview:-1\" \/>\n<link rel=\"canonical\" href=\"https:\/\/barberbytom.pl\/?page_id=42\" \/>\n<meta property=\"og:locale\" content=\"pl_PL\" \/>\n<meta property=\"og:type\" content=\"article\" \/>\n<meta property=\"og:title\" content=\"Wsp\u00f3\u0142praca - Hlonda 62\" \/>\n<meta property=\"og:description\" content=\"BARBER WANTED! Szukamy os\u00f3b z pasj\u0105 do zawodu, chc\u0105cych podnosi\u0107 swoje kwalifikacje, \u0142atwo nawi\u0105zuj\u0105cych kontakty. Oferujemy: prac\u0119 w mi\u0142ej i przyjaznej atmosferze, na dobrych i przejrzystych warunkach Umow\u0119 zlecenie\/o prac\u0119 lub B2B w ramach jednoosobowej dzia\u0142alno\u015bci Atrakcyjne wynagrodzenie (% uzale\u017cniony od Twojego do\u015bwiadczenia i wybranej formy zatrudnienia) Bezstresow\u0105 prac\u0119 w zgranym zespole Elastyczne godziny pracy [&hellip;]\" \/>\n<meta property=\"og:url\" content=\"https:\/\/barberbytom.pl\/?page_id=42\" \/>\n<meta property=\"og:site_name\" content=\"Hlonda 62\" \/>\n<meta property=\"article:modified_time\" content=\"2024-03-10T19:24:32+00:00\" \/>\n<meta name=\"twitter:card\" content=\"summary_large_image\" \/>\n<meta name=\"twitter:label1\" content=\"Szacowany czas czytania\" \/>\n\t<meta name=\"twitter:data1\" content=\"1 minuta\" \/>\n<script type=\"application\/ld+json\" class=\"yoast-schema-graph\">{\"@context\":\"https:\/\/schema.org\",\"@graph\":[{\"@type\":\"WebPage\",\"@id\":\"https:\/\/barberbytom.pl\/?page_id=42\",\"url\":\"https:\/\/barberbytom.pl\/?page_id=42\",\"name\":\"Wsp\u00f3\u0142praca - Hlonda 62\",\"isPartOf\":{\"@id\":\"https:\/\/barberbytom.pl\/#website\"},\"datePublished\":\"2024-03-05T20:10:01+00:00\",\"dateModified\":\"2024-03-10T19:24:32+00:00\",\"breadcrumb\":{\"@id\":\"https:\/\/barberbytom.pl\/?page_id=42#breadcrumb\"},\"inLanguage\":\"pl-PL\",\"potentialAction\":[{\"@type\":\"ReadAction\",\"target\":[\"https:\/\/barberbytom.pl\/?page_id=42\"]}]},{\"@type\":\"BreadcrumbList\",\"@id\":\"https:\/\/barberbytom.pl\/?page_id=42#breadcrumb\",\"itemListElement\":[{\"@type\":\"ListItem\",\"position\":1,\"name\":\"Home\",\"item\":\"https:\/\/barberbytom.pl\/\"},{\"@type\":\"ListItem\",\"position\":2,\"name\":\"Wsp\u00f3\u0142praca\"}]},{\"@type\":\"WebSite\",\"@id\":\"https:\/\/barberbytom.pl\/#website\",\"url\":\"https:\/\/barberbytom.pl\/\",\"name\":\"Hlonda 62\",\"description\":\"Barber Shop Bytom\",\"potentialAction\":[{\"@type\":\"SearchAction\",\"target\":{\"@type\":\"EntryPoint\",\"urlTemplate\":\"https:\/\/barberbytom.pl\/?s={search_term_string}\"},\"query-input\":\"required name=search_term_string\"}],\"inLanguage\":\"pl-PL\"}]}<\/script>\n<!-- \/ Yoast SEO plugin. -->","yoast_head_json":{"title":"Wsp\u00f3\u0142praca - Hlonda 62","robots":{"index":"index","follow":"follow","max-snippet":"max-snippet:-1","max-image-preview":"max-image-preview:large","max-video-preview":"max-video-preview:-1"},"canonical":"https:\/\/barberbytom.pl\/?page_id=42","og_locale":"pl_PL","og_type":"article","og_title":"Wsp\u00f3\u0142praca - Hlonda 62","og_description":"BARBER WANTED! Szukamy os\u00f3b z pasj\u0105 do zawodu, chc\u0105cych podnosi\u0107 swoje kwalifikacje, \u0142atwo nawi\u0105zuj\u0105cych kontakty. Oferujemy: prac\u0119 w mi\u0142ej i przyjaznej atmosferze, na dobrych i przejrzystych warunkach Umow\u0119 zlecenie\/o prac\u0119 lub B2B w ramach jednoosobowej dzia\u0142alno\u015bci Atrakcyjne wynagrodzenie (% uzale\u017cniony od Twojego do\u015bwiadczenia i wybranej formy zatrudnienia) Bezstresow\u0105 prac\u0119 w zgranym zespole Elastyczne godziny pracy [&hellip;]","og_url":"https:\/\/barberbytom.pl\/?page_id=42","og_site_name":"Hlonda 62","article_modified_time":"2024-03-10T19:24:32+00:00","twitter_card":"summary_large_image","twitter_misc":{"Szacowany czas czytania":"1 minuta"},"schema":{"@context":"https:\/\/schema.org","@graph":[{"@type":"WebPage","@id":"https:\/\/barberbytom.pl\/?page_id=42","url":"https:\/\/barberbytom.pl\/?page_id=42","name":"Wsp\u00f3\u0142praca - Hlonda 62","isPartOf":{"@id":"https:\/\/barberbytom.pl\/#website"},"datePublished":"2024-03-05T20:10:01+00:00","dateModified":"2024-03-10T19:24:32+00:00","breadcrumb":{"@id":"https:\/\/barberbytom.pl\/?page_id=42#breadcrumb"},"inLanguage":"pl-PL","potentialAction":[{"@type":"ReadAction","target":["https:\/\/barberbytom.pl\/?page_id=42"]}]},{"@type":"BreadcrumbList","@id":"https:\/\/barberbytom.pl\/?page_id=42#breadcrumb","itemListElement":[{"@type":"ListItem","position":1,"name":"Home","item":"https:\/\/barberbytom.pl\/"},{"@type":"ListItem","position":2,"name":"Wsp\u00f3\u0142praca"}]},{"@type":"WebSite","@id":"https:\/\/barberbytom.pl\/#website","url":"https:\/\/barberbytom.pl\/","name":"Hlonda 62","description":"Barber Shop Bytom","potentialAction":[{"@type":"SearchAction","target":{"@type":"EntryPoint","urlTemplate":"https:\/\/barberbytom.pl\/?s={search_term_string}"},"query-input":"required name=search_term_string"}],"inLanguage":"pl-PL"}]}},"_links":{"self":[{"href":"https:\/\/barberbytom.pl\/index.php?rest_route=\/wp\/v2\/pages\/42","targetHints":{"allow":["GET"]}}],"collection":[{"href":"https:\/\/barberbytom.pl\/index.php?rest_route=\/wp\/v2\/pages"}],"about":[{"href":"https:\/\/barberbytom.pl\/index.php?rest_route=\/wp\/v2\/types\/page"}],"author":[{"embeddable":true,"href":"https:\/\/barberbytom.pl\/index.php?rest_route=\/wp\/v2\/users\/1"}],"replies":[{"embeddable":true,"href":"https:\/\/barberbytom.pl\/index.php?rest_route=%2Fwp%2Fv2%2Fcomments&post=42"}],"version-history":[{"count":13,"href":"https:\/\/barberbytom.pl\/index.php?rest_route=\/wp\/v2\/pages\/42\/revisions"}],"predecessor-version":[{"id":226,"href":"https:\/\/barberbytom.pl\/index.php?rest_route=\/wp\/v2\/pages\/42\/revisions\/226"}],"wp:attachment":[{"href":"https:\/\/barberbytom.pl\/index.php?rest_route=%2Fwp%2Fv2%2Fmedia&parent=42"}],"curies":[{"name":"wp","href":"https:\/\/api.w.org\/{rel}","templated":true}]}}