{"id":11,"date":"2024-03-05T20:51:59","date_gmt":"2024-03-05T19:51:59","guid":{"rendered":"http:\/\/barberbytom.pl\/?page_id=11"},"modified":"2024-03-10T13:03:33","modified_gmt":"2024-03-10T12:03:33","slug":"kontakt","status":"publish","type":"page","link":"https:\/\/barberbytom.pl\/?page_id=11","title":{"rendered":"Kontakt"},"content":{"rendered":"\t\t<div data-elementor-type=\"wp-page\" data-elementor-id=\"11\" class=\"elementor elementor-11\">\n\t\t\t\t<div class=\"elementor-element elementor-element-2ade6dc e-grid e-con-boxed e-con e-parent\" data-id=\"2ade6dc\" data-element_type=\"container\" data-e-type=\"container\">\n\t\t\t\t\t<div class=\"e-con-inner\">\n\t\t\t\t<div class=\"elementor-element elementor-element-1427a41 elementor-widget elementor-widget-text-editor\" data-id=\"1427a41\" data-element_type=\"widget\" data-e-type=\"widget\" data-widget_type=\"text-editor.default\">\n\t\t\t\t<div class=\"elementor-widget-container\">\n\t\t\t\t\t\t\t\t\t<h4>Do\u0142\u0105cz do klient\u00f3w Hlonda62 i pozw\u00f3l naszym barberom uczyni\u0107 Twoje w\u0142osy wyj\u0105tkowymi. Um\u00f3w si\u0119 na wizyt\u0119 ju\u017c dzi\u015b i do\u015bwiadcz najlepszych us\u0142ug barberingowych, jakie mo\u017cesz sobie wyobrazi\u0107!<\/h4>\t\t\t\t\t\t\t\t<\/div>\n\t\t\t\t<\/div>\n\t\t\t\t\t<\/div>\n\t\t\t\t<\/div>\n\t\t<div class=\"elementor-element elementor-element-1ea23d0 e-flex e-con-boxed e-con e-parent\" data-id=\"1ea23d0\" data-element_type=\"container\" data-e-type=\"container\">\n\t\t\t\t\t<div class=\"e-con-inner\">\n\t\t\t\t<div class=\"elementor-element elementor-element-c411e10 elementor-widget elementor-widget-html\" data-id=\"c411e10\" data-element_type=\"widget\" data-e-type=\"widget\" data-widget_type=\"html.default\">\n\t\t\t\t<div class=\"elementor-widget-container\">\n\t\t\t\t\t<div class=\"contact-tab\">\r\n    <a href=\"#contact-form\">Kontakt<\/a>\r\n<\/div>\r\n\r\n<div id=\"contact-form\" class=\"contact-form\">\r\n    <!-- Tutaj mo\u017cesz wklei\u0107 sw\u00f3j formularz kontaktowy WordPressa -->\r\n<\/div>\r\n\t\t\t\t<\/div>\n\t\t\t\t<\/div>\n\t\t\t\t\t<\/div>\n\t\t\t\t<\/div>\n\t\t<div class=\"elementor-element elementor-element-70b0d838 e-con-full e-flex e-con e-parent\" data-id=\"70b0d838\" data-element_type=\"container\" data-e-type=\"container\" data-settings=\"{&quot;background_background&quot;:&quot;classic&quot;}\">\n\t\t<div class=\"elementor-element elementor-element-78e2c673 e-con-full e-flex e-con e-child\" data-id=\"78e2c673\" data-element_type=\"container\" data-e-type=\"container\">\n\t\t\t\t<div class=\"elementor-element elementor-element-169423f6 elementor-widget elementor-widget-heading\" data-id=\"169423f6\" data-element_type=\"widget\" data-e-type=\"widget\" data-widget_type=\"heading.default\">\n\t\t\t\t<div class=\"elementor-widget-container\">\n\t\t\t\t\t<h3 class=\"elementor-heading-title elementor-size-default\">telefonicznie<\/h3>\t\t\t\t<\/div>\n\t\t\t\t<\/div>\n\t\t\t\t<div class=\"elementor-element elementor-element-1ae3164a elementor-widget elementor-widget-text-editor\" data-id=\"1ae3164a\" data-element_type=\"widget\" data-e-type=\"widget\" data-widget_type=\"text-editor.default\">\n\t\t\t\t<div class=\"elementor-widget-container\">\n\t\t\t\t\t\t\t\t\t<p>Dzwo\u0144 \u015bmia\u0142o!<\/p>\t\t\t\t\t\t\t\t<\/div>\n\t\t\t\t<\/div>\n\t\t\t\t<\/div>\n\t\t<div class=\"elementor-element elementor-element-337ed661 e-con-full e-flex e-con e-child\" data-id=\"337ed661\" data-element_type=\"container\" data-e-type=\"container\">\n\t\t\t\t<div class=\"elementor-element elementor-element-6e4a2f7a elementor-widget elementor-widget-heading\" data-id=\"6e4a2f7a\" data-element_type=\"widget\" data-e-type=\"widget\" data-widget_type=\"heading.default\">\n\t\t\t\t<div class=\"elementor-widget-container\">\n\t\t\t\t\t<h3 class=\"elementor-heading-title elementor-size-default\">social media<\/h3>\t\t\t\t<\/div>\n\t\t\t\t<\/div>\n\t\t\t\t<div class=\"elementor-element elementor-element-6bf77b2f elementor-widget elementor-widget-text-editor\" data-id=\"6bf77b2f\" data-element_type=\"widget\" data-e-type=\"widget\" data-widget_type=\"text-editor.default\">\n\t\t\t\t<div class=\"elementor-widget-container\">\n\t\t\t\t\t\t\t\t\t<p>Znajd\u017a nas na Facebooku, Instagramie lub TikToku i um\u00f3w si\u0119 na wizyt\u0119\u00a0<\/p>\t\t\t\t\t\t\t\t<\/div>\n\t\t\t\t<\/div>\n\t\t\t\t<\/div>\n\t\t<div class=\"elementor-element elementor-element-17dbd998 e-con-full e-flex e-con e-child\" data-id=\"17dbd998\" data-element_type=\"container\" data-e-type=\"container\">\n\t\t\t\t<div class=\"elementor-element elementor-element-1b685203 elementor-widget elementor-widget-heading\" data-id=\"1b685203\" data-element_type=\"widget\" data-e-type=\"widget\" data-widget_type=\"heading.default\">\n\t\t\t\t<div class=\"elementor-widget-container\">\n\t\t\t\t\t<h3 class=\"elementor-heading-title elementor-size-default\">booksy<\/h3>\t\t\t\t<\/div>\n\t\t\t\t<\/div>\n\t\t\t\t<div class=\"elementor-element elementor-element-24a82246 elementor-widget elementor-widget-text-editor\" data-id=\"24a82246\" data-element_type=\"widget\" data-e-type=\"widget\" data-widget_type=\"text-editor.default\">\n\t\t\t\t<div class=\"elementor-widget-container\">\n\t\t\t\t\t\t\t\t\t<p>ju\u017c wkr\u00f3tce&#8230;<\/p>\t\t\t\t\t\t\t\t<\/div>\n\t\t\t\t<\/div>\n\t\t\t\t<\/div>\n\t\t\t\t<\/div>\n\t\t\t\t<\/div>\n\t\t","protected":false},"excerpt":{"rendered":"<p>Do\u0142\u0105cz do klient\u00f3w Hlonda62 i pozw\u00f3l naszym barberom uczyni\u0107 Twoje w\u0142osy wyj\u0105tkowymi. Um\u00f3w si\u0119 na wizyt\u0119 ju\u017c dzi\u015b i do\u015bwiadcz najlepszych us\u0142ug barberingowych, jakie mo\u017cesz sobie wyobrazi\u0107! Kontakt telefonicznie Dzwo\u0144 \u015bmia\u0142o! social media Znajd\u017a nas na Facebooku, Instagramie lub TikToku i um\u00f3w si\u0119 na wizyt\u0119\u00a0 booksy ju\u017c wkr\u00f3tce&#8230;<\/p>\n","protected":false},"author":1,"featured_media":0,"parent":0,"menu_order":5,"comment_status":"closed","ping_status":"closed","template":"","meta":{"om_disable_all_campaigns":false,"_monsterinsights_skip_tracking":false,"_monsterinsights_sitenote_active":false,"_monsterinsights_sitenote_note":"","_monsterinsights_sitenote_category":0,"_uf_show_specific_survey":0,"_uf_disable_surveys":false,"footnotes":""},"class_list":["post-11","page","type-page","status-publish","hentry"],"aioseo_notices":[],"yoast_head":"<!-- This site is optimized with the Yoast SEO plugin v22.1 - https:\/\/yoast.com\/wordpress\/plugins\/seo\/ -->\n<title>Kontakt - Hlonda 62<\/title>\n<meta name=\"robots\" content=\"index, follow, max-snippet:-1, max-image-preview:large, max-video-preview:-1\" \/>\n<link rel=\"canonical\" href=\"https:\/\/barberbytom.pl\/?page_id=11\" \/>\n<meta property=\"og:locale\" content=\"pl_PL\" \/>\n<meta property=\"og:type\" content=\"article\" \/>\n<meta property=\"og:title\" content=\"Kontakt - Hlonda 62\" \/>\n<meta property=\"og:description\" content=\"Do\u0142\u0105cz do klient\u00f3w Hlonda62 i pozw\u00f3l naszym barberom uczyni\u0107 Twoje w\u0142osy wyj\u0105tkowymi. Um\u00f3w si\u0119 na wizyt\u0119 ju\u017c dzi\u015b i do\u015bwiadcz najlepszych us\u0142ug barberingowych, jakie mo\u017cesz sobie wyobrazi\u0107! Kontakt telefonicznie Dzwo\u0144 \u015bmia\u0142o! social media Znajd\u017a nas na Facebooku, Instagramie lub TikToku i um\u00f3w si\u0119 na wizyt\u0119\u00a0 booksy ju\u017c wkr\u00f3tce&#8230;\" \/>\n<meta property=\"og:url\" content=\"https:\/\/barberbytom.pl\/?page_id=11\" \/>\n<meta property=\"og:site_name\" content=\"Hlonda 62\" \/>\n<meta property=\"article:modified_time\" content=\"2024-03-10T12:03:33+00:00\" \/>\n<meta name=\"twitter:card\" content=\"summary_large_image\" \/>\n<meta name=\"twitter:label1\" content=\"Szacowany czas czytania\" \/>\n\t<meta name=\"twitter:data1\" content=\"1 minuta\" \/>\n<script type=\"application\/ld+json\" class=\"yoast-schema-graph\">{\"@context\":\"https:\/\/schema.org\",\"@graph\":[{\"@type\":\"WebPage\",\"@id\":\"https:\/\/barberbytom.pl\/?page_id=11\",\"url\":\"https:\/\/barberbytom.pl\/?page_id=11\",\"name\":\"Kontakt - Hlonda 62\",\"isPartOf\":{\"@id\":\"https:\/\/barberbytom.pl\/#website\"},\"datePublished\":\"2024-03-05T19:51:59+00:00\",\"dateModified\":\"2024-03-10T12:03:33+00:00\",\"breadcrumb\":{\"@id\":\"https:\/\/barberbytom.pl\/?page_id=11#breadcrumb\"},\"inLanguage\":\"pl-PL\",\"potentialAction\":[{\"@type\":\"ReadAction\",\"target\":[\"https:\/\/barberbytom.pl\/?page_id=11\"]}]},{\"@type\":\"BreadcrumbList\",\"@id\":\"https:\/\/barberbytom.pl\/?page_id=11#breadcrumb\",\"itemListElement\":[{\"@type\":\"ListItem\",\"position\":1,\"name\":\"Home\",\"item\":\"https:\/\/barberbytom.pl\/\"},{\"@type\":\"ListItem\",\"position\":2,\"name\":\"Kontakt\"}]},{\"@type\":\"WebSite\",\"@id\":\"https:\/\/barberbytom.pl\/#website\",\"url\":\"https:\/\/barberbytom.pl\/\",\"name\":\"Hlonda 62\",\"description\":\"Barber Shop Bytom\",\"potentialAction\":[{\"@type\":\"SearchAction\",\"target\":{\"@type\":\"EntryPoint\",\"urlTemplate\":\"https:\/\/barberbytom.pl\/?s={search_term_string}\"},\"query-input\":\"required name=search_term_string\"}],\"inLanguage\":\"pl-PL\"}]}<\/script>\n<!-- \/ Yoast SEO plugin. -->","yoast_head_json":{"title":"Kontakt - Hlonda 62","robots":{"index":"index","follow":"follow","max-snippet":"max-snippet:-1","max-image-preview":"max-image-preview:large","max-video-preview":"max-video-preview:-1"},"canonical":"https:\/\/barberbytom.pl\/?page_id=11","og_locale":"pl_PL","og_type":"article","og_title":"Kontakt - Hlonda 62","og_description":"Do\u0142\u0105cz do klient\u00f3w Hlonda62 i pozw\u00f3l naszym barberom uczyni\u0107 Twoje w\u0142osy wyj\u0105tkowymi. Um\u00f3w si\u0119 na wizyt\u0119 ju\u017c dzi\u015b i do\u015bwiadcz najlepszych us\u0142ug barberingowych, jakie mo\u017cesz sobie wyobrazi\u0107! Kontakt telefonicznie Dzwo\u0144 \u015bmia\u0142o! social media Znajd\u017a nas na Facebooku, Instagramie lub TikToku i um\u00f3w si\u0119 na wizyt\u0119\u00a0 booksy ju\u017c wkr\u00f3tce&#8230;","og_url":"https:\/\/barberbytom.pl\/?page_id=11","og_site_name":"Hlonda 62","article_modified_time":"2024-03-10T12:03:33+00:00","twitter_card":"summary_large_image","twitter_misc":{"Szacowany czas czytania":"1 minuta"},"schema":{"@context":"https:\/\/schema.org","@graph":[{"@type":"WebPage","@id":"https:\/\/barberbytom.pl\/?page_id=11","url":"https:\/\/barberbytom.pl\/?page_id=11","name":"Kontakt - Hlonda 62","isPartOf":{"@id":"https:\/\/barberbytom.pl\/#website"},"datePublished":"2024-03-05T19:51:59+00:00","dateModified":"2024-03-10T12:03:33+00:00","breadcrumb":{"@id":"https:\/\/barberbytom.pl\/?page_id=11#breadcrumb"},"inLanguage":"pl-PL","potentialAction":[{"@type":"ReadAction","target":["https:\/\/barberbytom.pl\/?page_id=11"]}]},{"@type":"BreadcrumbList","@id":"https:\/\/barberbytom.pl\/?page_id=11#breadcrumb","itemListElement":[{"@type":"ListItem","position":1,"name":"Home","item":"https:\/\/barberbytom.pl\/"},{"@type":"ListItem","position":2,"name":"Kontakt"}]},{"@type":"WebSite","@id":"https:\/\/barberbytom.pl\/#website","url":"https:\/\/barberbytom.pl\/","name":"Hlonda 62","description":"Barber Shop Bytom","potentialAction":[{"@type":"SearchAction","target":{"@type":"EntryPoint","urlTemplate":"https:\/\/barberbytom.pl\/?s={search_term_string}"},"query-input":"required name=search_term_string"}],"inLanguage":"pl-PL"}]}},"_links":{"self":[{"href":"https:\/\/barberbytom.pl\/index.php?rest_route=\/wp\/v2\/pages\/11","targetHints":{"allow":["GET"]}}],"collection":[{"href":"https:\/\/barberbytom.pl\/index.php?rest_route=\/wp\/v2\/pages"}],"about":[{"href":"https:\/\/barberbytom.pl\/index.php?rest_route=\/wp\/v2\/types\/page"}],"author":[{"embeddable":true,"href":"https:\/\/barberbytom.pl\/index.php?rest_route=\/wp\/v2\/users\/1"}],"replies":[{"embeddable":true,"href":"https:\/\/barberbytom.pl\/index.php?rest_route=%2Fwp%2Fv2%2Fcomments&post=11"}],"version-history":[{"count":20,"href":"https:\/\/barberbytom.pl\/index.php?rest_route=\/wp\/v2\/pages\/11\/revisions"}],"predecessor-version":[{"id":167,"href":"https:\/\/barberbytom.pl\/index.php?rest_route=\/wp\/v2\/pages\/11\/revisions\/167"}],"wp:attachment":[{"href":"https:\/\/barberbytom.pl\/index.php?rest_route=%2Fwp%2Fv2%2Fmedia&parent=11"}],"curies":[{"name":"wp","href":"https:\/\/api.w.org\/{rel}","templated":true}]}}